of 102 and n.
51
Suppose -38*y = -11*y - 108. Calculate the highest common divisor of 1304 and y.
4
Let u(m) be the first derivative of m**3 + 37*m**2/2 + 2*m - 86. Let z be u(-13). Let f be (8/12)/(1/294). What is the greatest common factor of z and f?
28
Suppose 0 = -7*k + 7945 + 8365. Suppose 5*r - 2310 = -5*o, -7*r = -5*o - 2*r + k. What is the greatest common factor of 58 and o?
58
Suppose -264600 = -27*f - 173*f. What is the highest common divisor of 243 and f?
27
Let l(x) = 147*x + 154. Let p be l(-1). Calculate the greatest common factor of p and 184.
1
Suppose 188*x - 267*x + 33496 = 0. Calculate the greatest common divisor of 56 and x.
8
Suppose 50*z - 29*z + 21*z = 504. Calculate the highest common factor of z and 39.
3
Suppose 5*z = -5*w - 0*z + 295, -5*w + 280 = 2*z. What is the greatest common divisor of 684 and w?
18
Let m(p) = 10 + 11 - p**2 - 18 + 5*p. Let f be m(6). Let d(l) = 3*l**2 - l + 10. Let o be d(f). Calculate the greatest common divisor of o and 10.
10
Suppose 3*f + 2*i - 13 = 0, 79 - 90 = -f + i. Let u = -53 - -88. Calculate the highest common factor of u and f.
7
Let b(i) = 65*i**2 - 13*i + 24. Let q be b(-2). What is the highest common divisor of q and 1054?
62
Suppose 0 = -3*z - 120 - 18. Let q = 94 - z. Calculate the highest common divisor of q and 35.
35
Let l(c) = -c**3 - 13*c**2 - 35*c - 581. Let m be l(-14). What is the highest common factor of 3402 and m?
21
Suppose l + 51 = 95. Let f(x) = 32*x - 1. Let t be f(7). Suppose -t - l = -2*o + 3*d, -5*d = 2*o - 259. What is the highest common divisor of 12 and o?
12
Let t = -246 + 730. Let x = 497 - t. Calculate the greatest common divisor of x and 65.
13
Let z(w) = 4*w - 104. Let k be z(30). Calculate the greatest common factor of k and 2548.
4
Let z(a) = a**3 + 31*a**2 + 22*a - 207. Let u be z(-30). Let r be u/77*(-1 + 8). Let s = 1 - -1. What is the highest common factor of r and s?
1
Let b = 7408 + -7113. What is the highest common divisor of 195 and b?
5
Let q be (38 - 39) + 5/(-2)*-2. Calculate the highest common factor of 82 and q.
2
Let r be (122824/200 - 6/(-75))*5. Calculate the highest common factor of r and 332.
83
Let l be 3/(-16) - (22 + (-2882)/352 + -24). Let j(i) = 589*i**2 + 1. Let f be j(-1). Calculate the greatest common factor of l and f.
10
Let c(z) = -2*z**3 - 10*z**2 - 90*z - 468. Let d be c(-6). Calculate the greatest common divisor of 6552 and d.
72
Let v(z) = -63*z**3 - 2*z**2 - 10*z - 15. Let h be v(-2). What is the highest common divisor of 9 and h?
3
Suppose -3*h = -4*q - 103, 5*q = 4*h - 26 - 113. What is the highest common factor of h and 24313?
41
Let l = 110 - 57. Let p = -120 - -120. Let x be (l - p) + (-2)/(-7 + 5). What is the greatest common divisor of 36 and x?
18
Let c(u) = -u**3 + 5*u**2 + 5*u - 2. Let i be c(3). Suppose 0 = 4*q - 79 + i. Calculate the highest common factor of q and 12.
12
Suppose 0 = -449*t + 504*t - 165. What is the greatest common divisor of 3159 and t?
3
Let a be (-1*(-12)/(-8))/((-3)/16). Let m be 242/(-3) + a/(-24). Let f = m - -147. What is the greatest common divisor of f and 165?
33
Suppose 3*f = 2*j + 61, -f = -5*f - j + 74. Suppose -h - 8 = -3*q - f, 2*h - 2*q = 18. Let l = 238 - 150. What is the highest common factor of l and h?
8
Suppose -12*g + 3*g = -18. Let p be g/3*33 + 0. What is the highest common divisor of p and 22?
22
Suppose z - 2*t - 12 = -0, -8 = -4*t. Let s(q) = 59*q + 162. Let l be s(5). Let c = 585 - l. Calculate the greatest common factor of z and c.
16
Suppose 0 = 17*i - 13*i - 8. Suppose 13 = y + 3*q, -4*y - i*q + 0*q = -22. Suppose -y*p - 55 = -59. Calculate the highest common factor of p and 1.
1
Let p = 295 + -311. Let k be (-24)/p*(1 - -1)*1. Calculate the greatest common factor of 1 and k.
1
Let c(h) = 4*h**2 - 11*h - 22. Let l = -76 + 57. Let y = -8 - l. Let s be c(y). Calculate the greatest common factor of 31 and s.
31
Suppose 7696 = 132*i - 237*i + 121*i. Calculate the highest common divisor of 13 and i.
13
Let x(u) = 13*u**2 + 167*u - 960. Let p be x(6). Calculate the highest common factor of 120 and p.
30
Let r be (250/(-8))/((-15)/60). Suppose -3*w = -247 - r. Calculate the highest common divisor of w and 4.
4
Suppose -13*h + 15 = -24. Let j be (0 - 2)/((-16)/40). Suppose -30 = -j*r - h*y, -y - 2*y - 24 = -4*r. What is the greatest common factor of 6 and r?
6
Let r(x) = -x**2 - 6*x + 6. Let w be r(-6). Let t be w/((-7)/4 - -2). Let g = 639 + -543. What is the highest common factor of g and t?
24
Suppose 19 - 4 = -3*u. Let l be 104/5 - ((-120)/(-25) + u). Let j be -1 + l + (-8)/2. What is the highest common factor of 144 and j?
16
Suppose 14*g - 1371 - 6441 = 0. Let h(y) = -17*y - 97. Let f be h(-13). What is the greatest common factor of g and f?
62
Let j(x) = -51*x - 553. Let q be j(-25). What is the greatest common factor of q and 266?
38
Suppose 46 = k + 2*l, 2*k + 2*l - 49 = 33. Suppose 84 = -k*d + 50*d. What is the greatest common divisor of 60 and d?
6
Suppose 307*s + 17413 = 41049 + 21186. Let k = -38 - -111. What is the highest common factor of k and s?
73
Let y(p) = -2*p**2 + 7*p**2 - 4*p**2 - 26 + 16*p + 6. Let f be y(-17). Let g be ((-9)/f)/((-2)/(-14)). What is the highest common divisor of 147 and g?
21
Let d(n) = -n**3 - 7 - 8*n**2 + 251*n + 2*n**3 - 267*n. Let o be d(10). What is the greatest common factor of 44 and o?
11
Let a(k) = -6*k + 80. Let c be a(13). Let o be (-2)/(-3)*(2/c + 20). Calculate the highest common divisor of 371 and o.
7
Suppose -1026*f + 1016*f = -2420. What is the highest common divisor of f and 66?
22
Let p(i) = 4*i**2 + i + 45. Suppose -n = 4*t + 2*n - 183, -3*t + 139 = 4*n. Let x = 38 - t. Let k be p(x). Calculate the highest common factor of 26 and k.
26
Suppose 20*x = 23*x - m - 1663, 0 = -x - 4*m + 537. What is the highest common factor of x and 1264?
79
Let g(x) = -x + 18. Let b be g(17). Let q be 20/(-30) + b/(-3)*91. Let f be (13/3)/(-2 - q/15). What is the highest common divisor of f and 26?
13
Suppose 4*p + p = 945. Let q = -104731 - -104785. Calculate the greatest common factor of p and q.
27
Suppose -123*t + 2090 = 67*t. What is the greatest common divisor of t and 298?
1
Suppose 0 = -22*l + 8951 - 8577. Calculate the greatest common factor of l and 5287.
17
Let d(s) be the third derivative of s**4/4 - 29*s**3/2 - 173*s**2. Let b be d(21). Calculate the highest common divisor of 52 and b.
13
Suppose 18 = -r - 2*r. Let t be (-4)/r*(-1 + 385). Let m(y) = y**2 - 3*y + 14. Let u be m(6). What is the greatest common factor of t and u?
32
Let w = -131 + 222. Let a = w - 87. What is the greatest common factor of a and 6?
2
Let p(s) = -158*s - 451. Let z be p(-5). Calculate the highest common factor of 69 and z.
3
Let v(d) = -2*d - 1. Let b(j) = j - 200. Let m(a) = -b(a) - 3*v(a). Let n be m(-34). What is the highest common divisor of 891 and n?
33
Let j(o) = -166*o - 249. Let m be j(-32). Calculate the greatest common factor of 183 and m.
61
Let f = -414 - -637. Suppose 4*p - f = 965. What is the greatest common divisor of p and 11?
11
Suppose u = -11*j + 10*j - 1, 2*j + 4*u + 10 = 0. Calculate the highest common factor of 1104 and j.
3
Let y(s) be the first derivative of -6*s**2 + 9*s - 47. Let v be y(-8). What is the greatest common factor of 14 and v?
7
Let z(b) be the third derivative of -b**5/60 + 5*b**4/8 + 7*b**3/6 + b**2 + 9*b. Let n be z(6). What is the greatest common divisor of 244 and n?
61
Suppose -5*y + y = -52. Suppose 264 = 16*g - y*g. Calculate the greatest common divisor of 33 and g.
11
Let b(d) be the third derivative of -d**5/60 - d**4/12 + 21*d**3/2 - 2*d**2 + 102*d. Let f be b(0). Calculate the greatest common factor of f and 18.
9
Let f(c) = 7*c - 274. Let q be f(40). What is the highest common divisor of q and 94?
2
Suppose 3*z - 599 = -2*c, 5*z - 192*c + 193*c - 1003 = 0. What is the greatest common divisor of 67 and z?
67
Let d(a) = a**2 + 87*a - 268. Let f be d(-142). What is the greatest common divisor of 36 and f?
18
Suppose 0 = 5*a - 2*g - 16514, 0 = -6*a + 11*a + 3*g - 16479. Calculate the highest common factor of a and 750.
150
Let j(a) = 11*a**2 + 171*a - 49. Let s be j(-20). Calculate the greatest common factor of s and 2.
1
Let t = -3469 + 3493. Let n be (-21)/(-4)*192/18. Calculat